[INFO] fetching crate auditwheel-symbols 0.1.13...
[INFO] checking auditwheel-symbols-0.1.13 against master#9610dfe5a9a731ced1ea4923ecbd0c57fe367898 for beta-170-4
[INFO] extracting crate auditwheel-symbols 0.1.13 into /workspace/builds/worker-3-tc1/source
[INFO] validating manifest of crates.io crate auditwheel-symbols 0.1.13 on toolchain 9610dfe5a9a731ced1ea4923ecbd0c57fe367898
[INFO] running `Command { std: CARGO_HOME="/workspace/cargo-home" RUSTUP_HOME="/workspace/rustup-home" "/workspace/cargo-home/bin/cargo" "+9610dfe5a9a731ced1ea4923ecbd0c57fe367898" "metadata" "--manifest-path" "Cargo.toml" "--no-deps", kill_on_drop: false }`
[INFO] started tweaking crates.io crate auditwheel-symbols 0.1.13
[INFO] finished tweaking crates.io crate auditwheel-symbols 0.1.13
[INFO] tweaked toml for crates.io crate auditwheel-symbols 0.1.13 written to /workspace/builds/worker-3-tc1/source/Cargo.toml
[INFO] crate crates.io crate auditwheel-symbols 0.1.13 already has a lockfile, it will not be regenerated
[INFO] running `Command { std: CARGO_HOME="/workspace/cargo-home" RUSTUP_HOME="/workspace/rustup-home" "/workspace/cargo-home/bin/cargo" "+9610dfe5a9a731ced1ea4923ecbd0c57fe367898" "fetch" "--manifest-path" "Cargo.toml", kill_on_drop: false }`
[INFO] [stderr]  Downloading crates ...
[INFO] [stderr]   Downloaded fs-err v2.9.0
[INFO] [stderr]   Downloaded goblin v0.6.0
[INFO] [stderr]   Downloaded serde_json v1.0.88
[INFO] running `Command { std: "docker" "create" "-v" "/var/lib/crater-agent-workspace/builds/worker-3-tc1/target:/opt/rustwide/target:rw,Z" "-v" "/var/lib/crater-agent-workspace/builds/worker-3-tc1/source:/opt/rustwide/workdir:ro,Z" "-v" "/var/lib/crater-agent-workspace/cargo-home:/opt/rustwide/cargo-home:ro,Z" "-v" "/var/lib/crater-agent-workspace/rustup-home:/opt/rustwide/rustup-home:ro,Z" "-e" "SOURCE_DIR=/opt/rustwide/workdir" "-e" "CARGO_TARGET_DIR=/opt/rustwide/target" "-e" "CARGO_HOME=/opt/rustwide/cargo-home" "-e" "RUSTUP_HOME=/opt/rustwide/rustup-home" "-w" "/opt/rustwide/workdir" "-m" "1610612736" "--user" "0:0" "--network" "none" "ghcr.io/rust-lang/crates-build-env/linux@sha256:19e73879b68f455e41552ea35293514db52ea292d993f571636dbffedb77a1ee" "/opt/rustwide/cargo-home/bin/cargo" "+9610dfe5a9a731ced1ea4923ecbd0c57fe367898" "metadata" "--no-deps" "--format-version=1", kill_on_drop: false }`
[INFO] [stdout] 4ef5f1b83d28dcb59f64f7dd9f6773e829ec09cbea7d76149e4c123f29a171bf
[INFO] running `Command { std: "docker" "start" "-a" "4ef5f1b83d28dcb59f64f7dd9f6773e829ec09cbea7d76149e4c123f29a171bf", kill_on_drop: false }`
[INFO] running `Command { std: "docker" "inspect" "4ef5f1b83d28dcb59f64f7dd9f6773e829ec09cbea7d76149e4c123f29a171bf", kill_on_drop: false }`
[INFO] running `Command { std: "docker" "rm" "-f" "4ef5f1b83d28dcb59f64f7dd9f6773e829ec09cbea7d76149e4c123f29a171bf", kill_on_drop: false }`
[INFO] [stdout] 4ef5f1b83d28dcb59f64f7dd9f6773e829ec09cbea7d76149e4c123f29a171bf
[INFO] running `Command { std: "docker" "create" "-v" "/var/lib/crater-agent-workspace/builds/worker-3-tc1/target:/opt/rustwide/target:rw,Z" "-v" "/var/lib/crater-agent-workspace/builds/worker-3-tc1/source:/opt/rustwide/workdir:ro,Z" "-v" "/var/lib/crater-agent-workspace/cargo-home:/opt/rustwide/cargo-home:ro,Z" "-v" "/var/lib/crater-agent-workspace/rustup-home:/opt/rustwide/rustup-home:ro,Z" "-e" "SOURCE_DIR=/opt/rustwide/workdir" "-e" "CARGO_TARGET_DIR=/opt/rustwide/target" "-e" "CARGO_INCREMENTAL=0" "-e" "RUST_BACKTRACE=full" "-e" "RUSTFLAGS=--cap-lints=forbid" "-e" "RUSTDOCFLAGS=--cap-lints=forbid" "-e" "CARGO_HOME=/opt/rustwide/cargo-home" "-e" "RUSTUP_HOME=/opt/rustwide/rustup-home" "-w" "/opt/rustwide/workdir" "-m" "1610612736" "--user" "0:0" "--network" "none" "ghcr.io/rust-lang/crates-build-env/linux@sha256:19e73879b68f455e41552ea35293514db52ea292d993f571636dbffedb77a1ee" "/opt/rustwide/cargo-home/bin/cargo" "+9610dfe5a9a731ced1ea4923ecbd0c57fe367898" "check" "--frozen" "--all" "--all-targets" "--message-format=json", kill_on_drop: false }`
[INFO] [stdout] 5eef371252125d9401f0ee1e6e4168ba9322037d737df133c4cf11729f0a935b
[INFO] running `Command { std: "docker" "start" "-a" "5eef371252125d9401f0ee1e6e4168ba9322037d737df133c4cf11729f0a935b", kill_on_drop: false }`
[INFO] [stderr]    Compiling libc v0.2.137
[INFO] [stderr]    Compiling proc-macro2 v1.0.47
[INFO] [stderr]    Compiling quote v1.0.21
[INFO] [stderr]    Compiling unicode-ident v1.0.5
[INFO] [stderr]    Compiling typenum v1.15.0
[INFO] [stderr]    Compiling syn v1.0.103
[INFO] [stderr]    Compiling generic-array v0.14.6
[INFO] [stderr]     Checking subtle v2.4.1
[INFO] [stderr]    Compiling pkg-config v0.3.26
[INFO] [stderr]     Checking cpufeatures v0.2.5
[INFO] [stderr]    Compiling serde_derive v1.0.147
[INFO] [stderr]    Compiling crc32fast v1.3.2
[INFO] [stderr]    Compiling zstd-safe v5.0.2+zstd.1.5.2
[INFO] [stderr]    Compiling time-core v0.1.0
[INFO] [stderr]    Compiling log v0.4.17
[INFO] [stderr]     Checking itoa v1.0.4
[INFO] [stderr]     Checking unicode-width v0.1.10
[INFO] [stderr]    Compiling unicode-segmentation v1.10.0
[INFO] [stderr]     Checking base64ct v1.5.3
[INFO] [stderr]     Checking rand_core v0.6.4
[INFO] [stderr]    Compiling serde v1.0.147
[INFO] [stderr]     Checking adler v1.0.2
[INFO] [stderr]     Checking miniz_oxide v0.5.4
[INFO] [stderr]     Checking textwrap v0.11.0
[INFO] [stderr]    Compiling time-macros v0.2.6
[INFO] [stderr]     Checking opaque-debug v0.3.0
[INFO] [stderr]     Checking vec_map v0.8.2
[INFO] [stderr]     Checking strsim v0.8.0
[INFO] [stderr]     Checking password-hash v0.4.2
[INFO] [stderr]     Checking ansi_term v0.12.1
[INFO] [stderr]    Compiling thiserror v1.0.37
[INFO] [stderr]    Compiling serde_json v1.0.88
[INFO] [stderr]     Checking aho-corasick v0.7.19
[INFO] [stderr]    Compiling heck v0.3.3
[INFO] [stderr]     Checking ryu v1.0.11
[INFO] [stderr]     Checking regex-syntax v0.6.28
[INFO] [stderr]     Checking byteorder v1.4.3
[INFO] [stderr]     Checking constant_time_eq v0.1.5
[INFO] [stderr]     Checking plain v0.2.3
[INFO] [stderr]     Checking fs-err v2.9.0
[INFO] [stderr]     Checking flate2 v1.0.24
[INFO] [stderr]     Checking atty v0.2.14
[INFO] [stderr]    Compiling proc-macro-error-attr v1.0.4
[INFO] [stderr]     Checking clap v2.34.0
[INFO] [stderr]    Compiling jobserver v0.1.25
[INFO] [stderr]     Checking time v0.3.17
[INFO] [stderr]    Compiling cc v1.0.76
[INFO] [stderr]     Checking block-buffer v0.10.3
[INFO] [stderr]     Checking crypto-common v0.1.6
[INFO] [stderr]     Checking cipher v0.3.0
[INFO] [stderr]     Checking digest v0.10.6
[INFO] [stderr]     Checking aes v0.7.5
[INFO] [stderr]    Compiling zstd-sys v2.0.1+zstd.1.5.2
[INFO] [stderr]    Compiling bzip2-sys v0.1.11+1.0.8
[INFO] [stderr]     Checking hmac v0.12.1
[INFO] [stderr]     Checking sha2 v0.10.6
[INFO] [stderr]     Checking sha1 v0.10.5
[INFO] [stderr]     Checking regex v1.7.0
[INFO] [stderr]     Checking pbkdf2 v0.11.0
[INFO] [stderr]     Checking bzip2 v0.4.3
[INFO] [stderr]    Compiling proc-macro-error v1.0.4
[INFO] [stderr]    Compiling scroll_derive v0.11.0
[INFO] [stderr]    Compiling structopt-derive v0.4.18
[INFO] [stderr]    Compiling thiserror-impl v1.0.37
[INFO] [stderr]     Checking scroll v0.11.0
[INFO] [stderr]     Checking goblin v0.6.0
[INFO] [stderr]     Checking structopt v0.3.26
[INFO] [stderr]     Checking zstd v0.11.2+zstd.1.5.2
[INFO] [stderr]     Checking zip v0.6.3
[INFO] [stderr]     Checking auditwheel-symbols v0.1.13 (/opt/rustwide/workdir)
[INFO] [stdout] error[E0277]: can't compare `Manylinux` with `(Manylinux, std::string::String)`
[INFO] [stdout]    --> src/main.rs:382:9
[INFO] [stdout]     |
[INFO] [stdout] 382 | /         assert_eq!(
[INFO] [stdout] 383 | |             parse_platform_from_filename(
[INFO] [stdout] 384 | |                 "auditwheel_symbols-0.1.7-py3-none-manylinux_2_12_x86_64.manylinux2010_x86_64"
[INFO] [stdout] 385 | |             ),
[INFO] [stdout] 386 | |             vec![(Manylinux::new(2, 12), "x86_64".to_string()),],
[INFO] [stdout] 387 | |         );
[INFO] [stdout]     | |_________^ no implementation for `Manylinux == (Manylinux, std::string::String)`
[INFO] [stdout]     |
[INFO] [stdout]     = help: the trait `PartialEq<(Manylinux, std::string::String)>` is not implemented for `Manylinux`
[INFO] [stdout]     = help: the trait `PartialEq` is implemented for `Manylinux`
[INFO] [stdout]     = note: required for `Vec<Manylinux>` to implement `PartialEq<Vec<(Manylinux, std::string::String)>>`
[INFO] [stdout]     = note: this error originates in the macro `assert_eq` (in Nightly builds, run with -Z macro-backtrace for more info)
[INFO] [stdout] 
[INFO] [stdout] 
[INFO] [stdout] error[E0277]: can't compare `Manylinux` with `(Manylinux, std::string::String)`
[INFO] [stdout]    --> src/main.rs:388:9
[INFO] [stdout]     |
[INFO] [stdout] 388 | /         assert_eq!(
[INFO] [stdout] 389 | |             parse_platform_from_filename(
[INFO] [stdout] 390 | |                 "auditwheel_symbols-0.1.7-py3-none-manylinux_2_12_i686.manylinux2010_i686"
[INFO] [stdout] 391 | |             ),
[INFO] [stdout] 392 | |             vec![(Manylinux::new(2, 12), "i686".to_string()),],
[INFO] [stdout] 393 | |         );
[INFO] [stdout]     | |_________^ no implementation for `Manylinux == (Manylinux, std::string::String)`
[INFO] [stdout]     |
[INFO] [stdout]     = help: the trait `PartialEq<(Manylinux, std::string::String)>` is not implemented for `Manylinux`
[INFO] [stdout]     = help: the trait `PartialEq` is implemented for `Manylinux`
[INFO] [stdout]     = note: required for `Vec<Manylinux>` to implement `PartialEq<Vec<(Manylinux, std::string::String)>>`
[INFO] [stdout]     = note: this error originates in the macro `assert_eq` (in Nightly builds, run with -Z macro-backtrace for more info)
[INFO] [stdout] 
[INFO] [stdout] 
[INFO] [stdout] error[E0277]: can't compare `Manylinux` with `(Manylinux, std::string::String)`
[INFO] [stdout]    --> src/main.rs:394:9
[INFO] [stdout]     |
[INFO] [stdout] 394 | /         assert_eq!(
[INFO] [stdout] 395 | |             parse_platform_from_filename("auditwheel_symbols-0.1.7-py3-none-manylinux2010_x86_64"),
[INFO] [stdout] 396 | |             vec![(Manylinux::new(2, 12), "x86_64".to_string())],
[INFO] [stdout] 397 | |         );
[INFO] [stdout]     | |_________^ no implementation for `Manylinux == (Manylinux, std::string::String)`
[INFO] [stdout]     |
[INFO] [stdout]     = help: the trait `PartialEq<(Manylinux, std::string::String)>` is not implemented for `Manylinux`
[INFO] [stdout]     = help: the trait `PartialEq` is implemented for `Manylinux`
[INFO] [stdout]     = note: required for `Vec<Manylinux>` to implement `PartialEq<Vec<(Manylinux, std::string::String)>>`
[INFO] [stdout]     = note: this error originates in the macro `assert_eq` (in Nightly builds, run with -Z macro-backtrace for more info)
[INFO] [stdout] 
[INFO] [stdout] 
[INFO] [stdout] error[E0277]: can't compare `Manylinux` with `(Manylinux, std::string::String)`
[INFO] [stdout]    --> src/main.rs:398:9
[INFO] [stdout]     |
[INFO] [stdout] 398 | /         assert_eq!(
[INFO] [stdout] 399 | |             parse_platform_from_filename("auditwheel_symbols-0.1.7-py3-none-manylinux_2_12_x86_64"),
[INFO] [stdout] 400 | |             vec![(Manylinux::new(2, 12), "x86_64".to_string())],
[INFO] [stdout] 401 | |         );
[INFO] [stdout]     | |_________^ no implementation for `Manylinux == (Manylinux, std::string::String)`
[INFO] [stdout]     |
[INFO] [stdout]     = help: the trait `PartialEq<(Manylinux, std::string::String)>` is not implemented for `Manylinux`
[INFO] [stdout]     = help: the trait `PartialEq` is implemented for `Manylinux`
[INFO] [stdout]     = note: required for `Vec<Manylinux>` to implement `PartialEq<Vec<(Manylinux, std::string::String)>>`
[INFO] [stdout]     = note: this error originates in the macro `assert_eq` (in Nightly builds, run with -Z macro-backtrace for more info)
[INFO] [stdout] 
[INFO] [stdout] 
[INFO] [stdout] error: aborting due to 4 previous errors
[INFO] [stdout] 
[INFO] [stdout] 
[INFO] [stdout] For more information about this error, try `rustc --explain E0277`.
[INFO] [stdout] 
[INFO] [stderr] error: could not compile `auditwheel-symbols` (bin "auditwheel-symbols" test) due to 5 previous errors
[INFO] [stderr] warning: build failed, waiting for other jobs to finish...
[INFO] running `Command { std: "docker" "inspect" "5eef371252125d9401f0ee1e6e4168ba9322037d737df133c4cf11729f0a935b", kill_on_drop: false }`
[INFO] running `Command { std: "docker" "rm" "-f" "5eef371252125d9401f0ee1e6e4168ba9322037d737df133c4cf11729f0a935b", kill_on_drop: false }`
[INFO] [stdout] 5eef371252125d9401f0ee1e6e4168ba9322037d737df133c4cf11729f0a935b
